is f(r)?
-3
Let i be 22/(-4) + (-2)/4. Let d(y) be the third derivative of -y**5/30 - 7*y**4/12 - 5*y**3/3 + 24490*y**2. What is d(i)?
2
Let d = -29396 + 29400. Let l(m) be the third derivative of 0 - 26*m**2 - 1/24*m**d + 1/15*m**5 + 1/120*m**6 + 1/3*m**3 + 0*m. Give l(-4).
6
Let i(z) = z**3 + 11*z**2 + 10*z - 5. Let k(j) = 2*j**2 + 20*j + 22. Let o be -2 + (4 - 3)*80. Let c = o - 86. Let g be k(c). Give i(g).
-5
Let w be 56/21 + (-4)/6. Let b be w*(-15)/(-6) - 2. Let o(l) = -983*l + 495*l - l**2 + 2 + 488*l. Give o(b).
-7
Let q be 1*(92 - 2)/5. Suppose -q = -4*j + 3*j + 3*d, -2*d - 14 = -j. Let m(l) = l**2 + 3*l - j*l + 1 - 2*l + 1. Calculate m(5).
2
Suppose -8*k = 2*k - 100. Suppose -3*l - 26 = 5*o, 3*l - 3*o = k - 4. Let b be (l + (-15)/(-6))/2*12. Let f(q) = -q - 1. Determine f(b).
-4
Let j be 26 - (-6510)/(-240) - 243/(-24). Let a(d) = -5 + d + 5. Give a(j).
9
Let s(l) = -5*l**2 + 3*l + 5. Let h(i) = i**2 + 4*i**2 - 126*i - 6 + 122*i. Let t(a) = -5*h(a) - 6*s(a). Determine t(-2).
16
Let o(d) = 109*d**2 + d - 72. Let n(j) = 130*j**2 + j - 72. Let k(w) = -5*n(w) + 6*o(w). Determine k(0).
-72
Let k(u) = u**3 - u**2 - u - 1. Let d(f) be the third derivative of -f**6/60 + f**5/20 - f**4/24 - 27*f**2. Let h be d(1). Determine k(h).
-1
Let r be (1 - -1)/(7/14). Let c(x) = -x**3 + 3*x**2 + 26*x - 7. Let o(l) = -l**3 + 2*l**2 + 39*l - 8. Let a(n) = 3*c(n) - 2*o(n). Calculate a(r).
11
Let c(l) be the second derivative of -l**8/6720 + l**7/1260 + 7*l**6/720 - l**5/24 - 181*l**4/12 - 68*l. Let w(h) be the third derivative of c(h). What is w(4)?
-9
Let w(x) = -8*x**2 + 23*x - 14. Let t(j) = -3*j**2 + 8*j - 5. Let q(v) = v - 13. Let i be q(17). Let f(u) = i*w(u) - 11*t(u). What is f(-5)?
4
Let p(g) = g**2 + 8*g - 31. Let f be p(-13). Suppose 38*v = f*v - 28. Let o(z) = -z**3 - 8*z**2 - 7*z + 7. What is o(v)?
7
Let l(o) be the third derivative of -o**5/60 + o**4/8 + 22*o**3/3 + 652*o**2. Calculate l(-5).
4
Let h(z) be the second derivative of -z**5/20 + 3*z**4/4 - 5*z**2 + 3*z + 307. Calculate h(9).
-10
Let j be -5 - -3 - 3/1. Let y(c) = -6*c**3 - 7*c**3 - 3*c**2 + 9*c**3 + 3 + 12*c + 3*c**3. Let w be y(j). Let g(k) = k**3 + 6*k**2 - 7*k + 4. Give g(w).
4
Let w(j) = 23*j + 273. Suppose 36*z + 4068 = -196*z - 107*z. What is w(z)?
-3
Let h(z) = 10 - 369 + 343 - z**2 + 15*z. Calculate h(18).
-70
Suppose -b + 9 = 3*b + 3*f, 5*f = -3*b - 7. Let q be 10/(-15)*603/b. Let h = 77 + q. Let a(j) = -j + 16. Calculate a(h).
6
Let k(g) = -12*g + 211. Let o(b) = -25*b + 457. Let f(i) = 5*k(i) - 2*o(i). Give f(15).
-9
Let w(q) = 35*q**2 - 23*q - 122. Let f(t) = -24*t**2 + 25*t + 122. Let u(l) = 3*f(l) + 2*w(l). What is u(18)?
-4
Suppose 5*p + 10 = -5*p. Let y = p - -69. Let j = y + -76. Let d(t) = -t**2 - 7*t + 3. Give d(j).
-5
Let t(m) = -m**2 + 10*m + 7. Let k = 112 - 102. Let p be t(k). Let o(z) = -z**3 + 6*z**2 + 7*z. What is o(p)?
0
Let f(z) = z**2 + 15*z + 14. Let j = -11680 + 11666. Determine f(j).
0
Let u(m) = 8*m**3 - 12*m**2 - 5*m. Let g(w) = 9*w**2 + 1 - 9*w**3 + 2*w**3 + 2*w**2 + 5*w. Let z(j) = -7*g(j) - 6*u(j). Suppose 61*x = 59*x + 12. What is z(x)?
-1
Let u(n) = -n**2 - n - 1. Let m(f) = f**3 - 12*f**2 - f + 1. Let x be 7/(14/(-6)) - -4. Let d(c) = x*m(c) - 6*u(c). Suppose 0 = 3*q - 9*q + 30. Give d(q).
7
Let s(u) = 2*u**3 + 9*u**2 - 12*u - 19. Let b(k) = 3*k**3 + 14*k**2 - 17*k - 29. Let p(l) = 5*b(l) - 7*s(l). What is p(-7)?
-5
Let t(d) = -d**3 + d**2 - d - 29. Suppose 13*v = -21*v - 37*v. Calculate t(v).
-29
Let s(j) = -6*j**3 - 3*j**2 + 16*j**3 - 5*j**3 - 1 + 4*j**2. Let l be (-2)/(-3) + (-2)/(-6). What is s(l)?
5
Suppose -4*p - 3*c = 4, 18 = 8*p - 3*p - 2*c. Let x(v) be the third derivative of v**6/120 - v**5/20 + v**4/6 + v**3/3 - 18*v**2. Give x(p).
6
Suppose -2*u + 11 = -3*f, 0 = -41*u + 38*u + 12. Let l(j) = 2*j**3 + j**2 - 6*j - 7. Calculate l(f).
-2
Let u(w) be the second derivative of 11*w**2 + 1/6*w**3 + 0 + 1/24*w**4 - 3*w. Let m(v) be the first derivative of u(v). Determine m(3).
4
Let z(v) = -5*v - 79. Let u be z(-15). Let b(a) = 2*a**3 + 9*a**2 - 10. Let c be b(u). Let f(i) = 2*i**2 - 9*i + 2. Determine f(c).
20
Let y be -4 - 6/(4 - 2). Let v(u) = 2*u**2 - 8*u**2 + u**2 + 4*u**2 + 6*u + 2*u**2 - 10. Give v(y).
-3
Let w(n) be the first derivative of -n**5/60 + n**4/24 - n**3/6 - 189*n**2/2 - 8. Let b(g) be the second derivative of w(g). What is b(0)?
-1
Let n(m) = m**3 + 6*m**2 + 4*m + 1. Let j be n(-5). Suppose -z = -3 + j. Let k(p) = -p**3 + 1777*p - 3*p**2 - 3287*p + 1509*p. Give k(z).
3
Let j = 4963 + -4956. Let y(l) = -2*l**2 + 10*l - 11. Calculate y(j).
-39
Let j(f) = -465*f**2 - 2 + f**3 + 922*f**2 - 475*f**2. Give j(18).
-2
Suppose 6*f = 5*f + 3*f + 18. Let c(u) = 4*u + 79. What is c(f)?
43
Let s(l) be the first derivative of l**2/2 - 28*l - 1154. Give s(9).
-19
Let q(g) = -g**2 + 8*g - 3. Suppose -s + 5*d = s - 15, -2*d + 18 = 4*s. Let k be (-7 - -15)*(s/2 - -1). Suppose 33*t - k = 29*t. Calculate q(t).
4
Suppose 163 - 803 = 4*c. Let s = -175 - c. Let h(p) = p**3 + 16*p**2 + 15*p - 1. Determine h(s).
-1
Let y(c) = 2*c**3 - 4*c**3 - 9*c**2 + 6*c**2 + 2 + c**3. Let m = 38 + -41. Calculate y(m).
2
Let x(f) = -3*f**3 + 7*f**2 - 4. Let y be x(2). Suppose -2*h + 4 = -4*j, 3*h - 8 - 4 = y. Let b(o) = -3*o + 3*o**2 - j + o**3 + 17*o - 12*o. What is b(-3)?
-7
Let d(t) = 120 + 13*t**2 - 407*t + 357*t + 90 + 8*t**2 - 22*t**2. What is d(-54)?
-6
Let m(u) = -5 - 523*u + 523*u + 6 - 3*u**2 + 20*u**2. Suppose -26 = -4*v - 22. Give m(v).
18
Let f(g) = -3*g**3 - 9*g**2 - 11*g. Let y(o) = -o**3 - 4*o**2 - 5*o. Let a(h) = 4*f(h) - 9*y(h). Suppose 10*x = -59 - 61. Let c be (2/6)/(x/36). Give a(c).
2
Let m be (60348/47)/((-10)/(-4) + -1). Let n(t) = -3*t**2 - m + 429 + 428 + t. Let l be 1*(-2)/(-1 + 3). What is n(l)?
-3
Let m = 2768 - 2771. Let b(u) be the second derivative of u**6/120 + u**5/30 - u**4/6 + 2*u**2 - 3*u. Let v(x) be the first derivative of b(x). What is v(m)?
3
Let a be (1 + (1 - 2))/(-1 + 2). Let c be 76 - (-9 + a - -5). Let p = 80 - c. Let j(f) = f**3 + f + 1. Calculate j(p).
1
Let s(i) = -10*i - 1. Let y be -4 - -98 - (-2 + -1 + 2). Let v be (-114)/y + 2/10. Calculate s(v).
9
Let a(h) be the third derivative of h**5/60 + h**4/6 - h**2. Suppose -10*u + 7 = -8*u + 5*g, -2*u - 2 = 2*g. Give a(u).
0
Suppose 5*j + p - 85 = 4*p, 33 = 2*j - p. Let x(z) = 12*z**2 - z**3 + 13 + 15*z**2 + j*z**2 + 14*z**2 - 65*z**2. What is x(-10)?
13
Let b(n) = -n + 5. Let s be 18/(-2)*12/(-18). Suppose 0 = s*t + 2*t - 24. Suppose -5*m - t*u + 34 = 0, 2*m + 8 - 24 = -2*u. Calculate b(m).
0
Let y(t) = 3*t**3 + 7*t**2 - 3. Let k be y(-2). Let x(n) = k - 5*n + 17*n + 6*n. Determine x(-1).
-17
Let v(q) be the first derivative of 2*q**3/3 + q**2 + 2*q - 31. Let m(i) = -5*i**2 - 5*i - 7. Let o(w) = -3*m(w) - 8*v(w). Give o(0).
5
Let a(i) = 6*i**2 + 8*i + 28. Let r be a(-3). Let z(l) = 4*l - 3*l - 39 + r. What is z(-12)?
7
Let p(y) = -5*y**3 + 16*y**2. Let x(o) = 18*o**3 - 54*o**2 - 2*o - 1. Let b(u) = -7*p(u) - 2*x(u). What is b(4)?
-110
Let y be (-108)/(-54) + (15/(-25))/(1/(-5)). Let m(c) = 2*c**3 - 14*c**2 + 22*c - 8. Determine m(y).
2
Let s(m) = -9*m**2 - m + 6. Let f(n) = -7*n**2 + 40*n + 10. Let o be f(6). What is s(o)?
-28
Let t(a) = -21*a**3 + 36*a**2 - 8*a + 24. Let z(b) = -72*b**3 + 126*b**2 - 27*b + 84. Let w(x) = -17*t(x) + 5*z(x). Give w(6).
18
Let q(k) = -12*k + 15. Let n(l) = 28*l - 29. Let z(t) = 4*n(t) + 9*q(t). Give z(-5).
-1
Suppose 0 = 5*s + 4*h - 10, -25 = 5*s - 10*s - h. Let j(k) = k**3 + 7*k**2 - k - 5. Let w be j(-7). Let z(o) = -5*o + o**w - 4 + o**2 - o**2. Calculate z(s).
2
Let o = 218 + -202. Let q(y) = y**3 - 17*y**2 + 19*y - 32. Determine q(o).
16
Let y(s) = -s**2 + 1. Let z(w) = 2*w**2. Let g = 74 + -73. Suppose g = c + 2. Let a(j) = c*z(j) - 3*y(j). Give a(4).
13
Let f(c) be the first derivative of 3/2*c**2 + 15*c + 130. What is f(-11)?
-18
Let w = -25651 + 25641. Let o(l) = 18 + 0*l + 0*l + 2*l. Give o(w).
-2
Let r = 7446 - 7440. Let f(d) = 11*d - 68. Give f(r).
-2
Let z(i) = -18 - 89*i**2 + 43*i**3 - 20*i**3 - 22*i**3 + 94*i**2. Give z(-4).
-2
Let l(x) = -11*x**2 + 65*x + 24. Let v(w) = -w**2 + 8*w + 2. Let n(t) = -l(t) + 10*v(t). Determine n(0).
-4
Let a(n) = -1. Let c(w) = -2*w**3 - 18*w**2 + 45*w + 23. Let k(j) = -5*a(j